5)/b)/((-4)/16). Suppose -n*d + k + 325 = 0, 3*d + k = 5*k + 195. What is the units digit of d?
5
Let n be 0/(-1)*2/(-4). Suppose -4*f = 20, n*f + 120 = 5*i + 4*f. Suppose 2*h - 3*h = 5*a - 19, -4*h + i = 4*a. What is the units digit of a?
3
Let p(k) = k + 9. Let g be (-4)/14 - (-160)/(-28). Let u be p(g). What is the units digit of (-31)/2*(1 - u)?
1
Let k(b) = 5*b + 2. Suppose 9 = 2*o + 3. Let d = 1 + o. What is the units digit of k(d)?
2
Suppose 5*w - y = -40, 0*y - 40 = 5*w + y. Let j(g) = -g**2 - 21*g - 34. What is the units digit of j(w)?
0
Suppose 0*y + 15 = 3*y. Let k = -3 + y. Suppose 0 = k*f - 3*f + 15. What is the units digit of f?
5
Let s(m) = 8*m**2 + 3*m - 3. Let t be s(-4). Suppose -97 - t = -3*c. What is the tens digit of c?
7
Let r(a) = a**2 - 5*a - 9. Let x(s) = 3*s - 4. Let n be x(4). Let q be r(n). Let b = 6 + q. What is the units digit of b?
1
Let q(a) = 52*a**2 - 18*a - 10. What is the tens digit of q(-4)?
9
Let y = 34 + -42. Let f be (y/(-6))/((-6)/9). What is the units digit of (32 - 16)/((-1)/f)?
2
What is the units digit of (-2)/(-7) - 2679/(-7)?
3
Suppose 0 = 5*h + 2*q - 1807, -q + 1085 = 3*h - 0*q. What is the units digit of h?
3
Let j be -6 + 9 - 20/(-2). Suppose 0 = j*f - 9*f. Suppose f*o = -2*o + 112. What is the tens digit of o?
5
Let z(w) = 20*w**2 - 1. Suppose 0 = 5*j - 1 - 24. Suppose -4*i = j*b - 1, -2*b = 6*i - 3*i + 1. What is the tens digit of z(i)?
1
Suppose -5*a + 236 = -a. Let w = -38 + a. What is the tens digit of w?
2
Let f(g) = -g**3 - 2*g**2 - 14*g - 2. What is the hundreds digit of f(-10)?
9
Let p(t) = t**3 - 3*t**2 + t - 1. Let z be p(3). Suppose z*h + 10 = 0, 3*h + 147 = 2*m + m. What is the tens digit of m?
4
Let j(t) = 4*t**3 + 2*t**2 - 4*t + 2. Let r be j(2). Suppose s + 2*k - r = 9, -137 = -3*s - 2*k. Let o = s - 28. What is the units digit of o?
9
Let z be 2/(-3)*(-9)/3. Suppose -2*k - 2*f + 1 + 3 = 0, -5*k + z*f + 24 = 0. Suppose 3*n - 26 - 57 = -q, k*n + 4*q - 124 = 0. What is the tens digit of n?
2
Suppose -3*n + 5*h + 3207 = 445, -4*n = 4*h - 3704. What is the tens digit of n?
2
Let f(u) be the third derivative of 1/120*u**6 + 1/2*u**3 - 4*u**2 + 0 + 0*u - 1/12*u**4 - 1/20*u**5. What is the units digit of f(4)?
1
Let t(z) = z**3 - 6*z**2 + z + 67. Let q(v) = 2*v**3 - 11*v**2 + 2*v + 135. Let w(y) = 6*q(y) - 11*t(y). What is the tens digit of w(0)?
7
Let c be 3*(-4)/12*-4. Let u(m) = 2*m**2 - 7*m + 6. Let x be u(c). Suppose 2*p = 56 - x. What is the units digit of p?
3
Suppose 5*w - 717 = -4*l, 4*l = w + 63 - 192. Let q = w + 36. What is the tens digit of q?
7
Suppose -22*g + 25*g = 15. Suppose 2*i + 145 = -g*r + 432, -4*i + 3*r + 535 = 0. What is the units digit of i?
6
Let y = -11 + 15. Suppose y*j + 6*j - 1560 = 0. What is the hundreds digit of j?
1
Suppose -2*o - 723 = -2*s - 43, 3*o + 15 = 0. What is the units digit of s?
5
Suppose -5*z + 6 - 1 = 0. Let g be -18*((-8)/6 + z). What is the tens digit of 45/g*(-8)/(-6)?
1
Suppose 11*b + 120 = 21. What is the tens digit of ((-30)/b)/(4*1/66)?
5
Let f be (-15)/25 - (-22)/(-5). Suppose 0 = 4*x - 4. Let v = x - f. What is the units digit of v?
6
Let i = 1 + 25. Let c = i - 18. Let o(d) = -d**2 + 11*d - 1. What is the tens digit of o(c)?
2
Let z(t) = t**3 + 6. Let m be z(0). Let o = m - 7. What is the tens digit of (-63 - (-3)/o)/(-2)?
3
Let q be 7 + -2 - (8 - 7). Suppose -u = q*u - 475. What is the tens digit of u?
9
Suppose -2*d = -3*f - 5, -2*f - 4*d = f + 17. Let t(i) = 8*i - 30*i - 4 - 2. What is the units digit of t(f)?
0
Let m be 235 + (-4)/4 + -1. Suppose m + 57 = 2*n. What is the hundreds digit of n?
1
Let y be 1/(-2) - (-150)/(-12). Suppose 2*a = -11 + 85. Let f = y + a. What is the tens digit of f?
2
Suppose 5*s + 1077 = -0*y + 3*y, -3*y - 3*s = -1053. What is the hundreds digit of y?
3
What is the hundreds digit of (-5 + -2)/(-1) + 398?
4
Let l(a) = 2*a**3 - a**2 - 3*a. Let j be l(4). Let w = 199 - j. What is the units digit of w?
9
Suppose -c - 20 + 482 = 0. What is the units digit of c?
2
Suppose 5586 = 8*s - 2110. What is the tens digit of s?
6
Let v = -18 + 21. Suppose -v*g + 4*r = 3*r + 236, 2*r - 164 = 2*g. What is the tens digit of (4*4)/((-22)/g)?
5
Let j(v) = 3*v**3 + 7*v**2 - 15*v + 52. What is the units digit of j(7)?
9
Let j be ((-16)/(-12))/(-2) - (-34)/6. Suppose -d = 5*t - 118 + 21, t = -j*d + 557. What is the units digit of d?
2
Suppose -3 + 0 = c - 3*m, 4*c - 36 = -4*m. Suppose -441 = -c*z + 465. What is the hundreds digit of z?
1
Suppose 5*u - 5 + 0 = 0. Let r be 6/(-1 + -2) + -1. What is the tens digit of (u + r)*(-60)/8?
1
Let i(f) = 5*f**2 + 11*f + 3. Let v be i(-8). Suppose 3*q - 4 - 150 = 5*c, 5*q - 4*c - v = 0. What is the units digit of q?
3
Let h(y) = 2*y**3 - 7*y**2 + 21*y - 27. What is the tens digit of h(7)?
6
Let y(a) = 25*a + 2. Let n be y(2). Suppose -n*f + 46*f = -1128. What is the tens digit of f?
8
Let c(n) = -44*n + 22. What is the hundreds digit of c(-10)?
4
Let t be 46/2*(0 + 1). Suppose -434*s + 660 = -419*s. Let o = s - t. What is the tens digit of o?
2
Let f be (-11)/((-44)/72) - 1. Suppose 0 = -5*w + 4*l + 13 + f, -3*l = 15. Suppose -w*t - 2*i = -4*i - 70, 0 = 5*t - 2*i - 175. What is the units digit of t?
5
Let v(y) = -y**3 - 2*y**2 + 2*y + 2. Let z be v(-3). Suppose -60 = -z*q + 155. What is the tens digit of q?
4
Suppose -151*p = -125*p - 68016. What is the hundreds digit of p?
6
Suppose -2*w - 59 = 2*v - 1199, -2*w + v + 1128 = 0. What is the units digit of w?
6
Let v = -40 - -46. Suppose 266 = v*o + o. What is the tens digit of o?
3
Suppose y + 50 = 3*y. What is the units digit of (-324)/(-15) + 10/y?
2
Suppose 40*u - 38*u - 4756 = 2*m, 6 = -2*m. What is the tens digit of u?
7
Let b(a) = -4*a**3 - a**2 - 2. Let z = 3 - 0. Let q = z - 5. What is the tens digit of b(q)?
2
Let z = 9658 + -5965. What is the units digit of z?
3
Suppose 5*u + 4*o = -420, -2*u - 191 = -0*u - 3*o. Let a = 171 + u. Suppose 4*w + 7 = a. What is the tens digit of w?
1
Let x(n) = -41*n**3 - 23*n - 70. What is the hundreds digit of x(-4)?
6
Suppose -2*r + 177 = -277. What is the units digit of r?
7
Suppose -2*y = 33*y - 1295. Let s be ((-1)/((-1)/(-4)))/(-1). Let k = y - s. What is the tens digit of k?
3
Let q = 1747 - 1043. What is the tens digit of q?
0
Let y = 39 - -116. What is the units digit of y?
5
Let d = -14 + 17. Suppose -6*g + 3 = -d. What is the units digit of g?
1
Let z(c) = -c**3 - 4*c**2 + 2*c - 8. Suppose -17 + 25 = -2*b. Let t be z(b). What is the tens digit of 50 + t/(-4 - 0)?
5
Suppose 2*x - 13 = -0*x - 3*q, -3*x + 4*q = -28. Suppose 0 = -x*d - 423 + 1431. What is the units digit of d?
6
Let t(h) = 2*h**2 + 12*h + 8. Let w be t(-8). Suppose -w = -4*x + 28. Let l = -4 + x. What is the tens digit of l?
1
Let x = -43 - -48. Suppose -3*a = 5*b - 0*a - 106, x*a = -5*b + 100. What is the units digit of b?
3
Suppose -5*s + 0*x + 19743 = x, 0 = -3*s + 3*x + 11853. What is the thousands digit of s?
3
Let x = -1135 + 2635. What is the thousands digit of x?
1
Let f = 226 - 210. What is the units digit of f?
6
Let a be 1*(-20)/16*-4. Let l = a + -4. What is the tens digit of ((-2)/l)/(16/(-504))?
6
Suppose 40 + 35 = -5*m. Let c be (10/m)/(4/(-30)). What is the units digit of 15/(-25) - (-78)/c?
5
Suppose 8 = -s - 3*t - 2, -4*t = 4*s + 8. Suppose -2*z - 22 = -108. Suppose -s*g = z - 149. What is the tens digit of g?
5
Let i(c) = 2*c**2 + 20*c + 16. Let y be i(-9). What is the units digit of (0 - -13) + (1 - 1 - y)?
5
Let y(b) = 2*b + 3*b**2 + 3 - 5 + 6*b**2 - 5*b. What is the units digit of y(-2)?
0
Suppose -3*x + 226 = 3*u + 2*u, 109 = 2*x - 5*u. Let r = 192 - x. Suppose -i - 3*c - r = -5*i, -i + 4*c = -28. What is the units digit of i?
2
Suppose 3*k - 29 - 7 = 0. Suppose 42 = k*u - 9*u. Let c = 38 - u. What is the tens digit of c?
2
Let a(n) = n**2 - 5*n - 24. Let z be a(0). What is the tens digit of (-16)/10*1380/z?
9
Suppose 28*m - m - 27243 = 0. What is the thousands digit of m?
1
Let a(h) = -h**3 + 4*h**2 + 4*h + 3. Let u be a(5). Let q = u - -4. Suppose 3*l - 77 = -q. What is the tens digit of l?
2
Let z = -18 + 10. Let h be 36 - 1 - (9 + z). Suppose -3*s = -h - 74. What is the tens digit of s?
3
Suppose -n + 4*n = -18. What is the hundreds digit of (-7 - n) + 0 + 247?
2
Let t = -72 - -77. Supp